ghest common factor of 322 and l.
46
Let b(t) be the first derivative of -t**3/3 - 3*t**2/2 + 30*t + 32. Let h be b(4). Calculate the highest common factor of 2 and h.
2
Let l(y) be the third derivative of 0*y + 0*y**3 + 9/8*y**4 + 0 - 6*y**2. Let c be l(1). What is the highest common factor of c and 243?
27
Let r = 27 - 27. Let s be (3 - 1) + -251 + r. Let p = 353 + s. Calculate the highest common divisor of 13 and p.
13
Let c = 85 + -45. Suppose -37*j + 41*j = 40. Let b be ((-32)/5)/(j/(-25)). Calculate the greatest common divisor of c and b.
8
Let h be ((-192)/(-9))/((-4)/(-30)). What is the highest common divisor of 120 and h?
40
Let m be 36/10*(-100)/(-60). What is the greatest common divisor of 648 and m?
6
Suppose -402 = -9*a + 174. Calculate the greatest common divisor of a and 160.
32
Suppose 3*a = r + 4 + 86, 0 = -4*r. What is the greatest common divisor of 150 and a?
30
Let w = 8 - 7. Let d = w + 3. Suppose d = o - 10. Calculate the greatest common factor of o and 21.
7
Suppose 0*x - 6 = -3*x. Suppose -m = -3*q - 18, 13 = -4*m - 3*q - x*q. Suppose 0 = k + m*k - 48. What is the greatest common divisor of k and 108?
12
Let s = -16 + 28. Let q be (330/(-24) - -16)/(6/32). Calculate the highest common factor of q and s.
12
Suppose -20 = 4*z, 55 = j + 5*z - 2*z. Calculate the highest common factor of j and 224.
14
Let s = -28 + 28. Suppose s = p + 5*p - 18. Suppose -5*m + 40 = -p*m. Calculate the greatest common divisor of 20 and m.
20
Let f be -2 - (-18)/((-6)/(-2)). Suppose 0 = -f*d - x - 4*x + 63, -15 = -5*x. Suppose -3*r + 18 = -d. Calculate the greatest common divisor of r and 10.
10
Suppose 7*k + 5*n = 3*k + 89, 5*k - 100 = -4*n. What is the greatest common divisor of k and 256?
16
Let t = -12 + 50. Suppose -z + 2*s + 103 = 0, 0*z = 3*z + s - 281. Calculate the greatest common factor of z and t.
19
Let a(i) = 11*i**2 + 9*i + 7. Let p be a(-3). Let q be (-6)/9 - (-278)/(-6). Let z = p + q. What is the highest common divisor of z and 48?
16
Let u(c) = -5*c - 20. Let y be u(-10). Let i be y/(-2)*(-4)/3. Calculate the greatest common factor of i and 4.
4
Let f = -1507 + 1551. Calculate the greatest common divisor of f and 1364.
44
Suppose -13*l + 26*l = 1690. Calculate the highest common factor of l and 52.
26
Suppose 4*u - 2*h = 1424, 2*u - 2*h - 590 = 126. Let a be (-2)/7 - u/(-14). Suppose 0 = -2*n + a + 17. What is the highest common divisor of n and 3?
3
Suppose 4*w - 73 = -5*h, 5*w - 49 = -2*h - h. Suppose 3*d - 79 = 233. What is the highest common divisor of d and h?
13
Let q be (90 - 0/6) + 8. Calculate the greatest common divisor of 14 and q.
14
Suppose 0 = 3*h + 3*x - 4*x - 9, 0 = 2*x + 6. Suppose -h*f + 13 = -f. Calculate the greatest common factor of 26 and f.
13
Let z be (-1344)/(-52) - 10/(-65). What is the highest common factor of z and 78?
26
Suppose 0 = 2*l + 18*y - 17*y - 83, -4*l + 175 = 5*y. What is the highest common factor of 12 and l?
4
Suppose j - 3239 = -q, -2*j + 3*q = -q - 6478. What is the highest common factor of 41 and j?
41
Let h = -446 + 940. What is the greatest common divisor of 38 and h?
38
Let u be (15 + (0 - -5))*(-423)/(-36). What is the highest common factor of 141 and u?
47
Suppose -2*c - 3 = 5*d - 35, 4*d - 76 = -4*c. Suppose s - 8 + 6 = 0. Let i be 379/3 + (s - 7/3). Calculate the highest common divisor of c and i.
21
Suppose -5*o - 2*n = -4*n - 212, 4*o + 2*n = 166. What is the highest common divisor of 147 and o?
21
Let j be (-8)/2 - (-250)/10. Calculate the greatest common factor of j and 12.
3
Suppose -10 = -2*t, f - 4*t + 22 = -13. Let p = f - -22. Calculate the greatest common divisor of 14 and p.
7
Let q be 0/((-6)/(12/(-4))). Suppose q*k + 29 = u + 2*k, -5*u - 4*k = -163. What is the greatest common divisor of 5 and u?
5
Suppose -4*j + 210 = -2*t, j - t = 10 + 40. Suppose 5*g + 4*f + 230 = j, 5*g + 175 = 5*f. Let w = -3 - g. Calculate the greatest common divisor of w and 4.
4
Let p(a) = -15*a**2 + 10*a. Let r(n) = 7*n**2 - 5*n. Let s(f) = -6*p(f) - 13*r(f). Let k be s(2). What is the highest common divisor of 66 and k?
6
Let g(o) = -14*o**2 + 228*o + 23. Let f be g(16). What is the greatest common divisor of 203 and f?
29
Let z(l) be the second derivative of -2*l**3 + 3*l**2/2 + 14*l. Let p be z(-1). Calculate the greatest common divisor of 45 and p.
15
Suppose -2*i + 14 = 2. Suppose 2*n - 3*k = 111, 2*k - i*k = -n + 43. Let g be (-4)/(-3)*n/14. Calculate the highest common factor of g and 4.
2
Let i(m) = -m**3 + 5*m**2 + 2. Let u be i(5). Let d = 1486 - 1476. What is the highest common factor of d and u?
2
Let p = -484 + 503. Calculate the greatest common factor of p and 513.
19
Suppose -2*u + 208 = -u. Let k be -6 + 3 + 3 + -4. Let c(n) = -8*n - 6. Let v be c(k). Calculate the greatest common divisor of u and v.
26
Let q be (3 - 38/(-6))*9/2. Calculate the highest common factor of 518 and q.
14
Let d be -2 + 15/(6/2). Let n = 59 + -47. Calculate the greatest common divisor of d and n.
3
Suppose 0 = -2*g + q - 29, 3*q + 2*q = 3*g + 61. Let z(p) = -p. Let i be z(g). Let m be (-2 + (-4)/3)*(-24)/10. Calculate the highest common divisor of i and m.
4
Suppose -31*p + 250 = -26*p. Let r(f) = f**2 - 7*f - 8. Let x be r(9). What is the greatest common factor of x and p?
10
Let i = -58 + 35. Let l be (11/(-4))/(i/1104). What is the highest common factor of 12 and l?
12
Suppose 0 = -5*n - 8 - 2. Let z(p) = -16*p + 1. Let v be z(n). Suppose -22 = -q + v. What is the greatest common divisor of 5 and q?
5
Suppose -33 = -3*o + 3*p, 4 = -4*o + 2*p + 46. Suppose 3*n - 50 = 25. What is the highest common divisor of o and n?
5
Let g be (-3)/(-7) - (-3336)/56. Suppose y = 4, 4*y - 3 + 11 = x. What is the highest common divisor of g and x?
12
Suppose 0 = 2*u + y - 574, -13*u + 12*u + 5*y = -265. What is the greatest common factor of 114 and u?
57
Suppose 0*g - 2*h + 145 = 5*g, g - 3*h = 29. Let z be g - (4 + -1 - (-6)/(-6)). What is the highest common factor of z and 135?
27
Let h be (-6)/(-9)*(-48)/(-2). Suppose 5*t = t + h. Let c = -8 - -20. What is the highest common divisor of t and c?
4
Suppose 9*j - 13*j - 12 = 0. Let f(b) = 2*b**2 - 2*b - 4. Let l be f(3). Let r be -27*(2 + l/j). Calculate the greatest common factor of r and 36.
18
Let k(o) = o. Let l be k(5). Suppose 5*v - 11 = -l*a + 14, -5*v = -2*a - 60. What is the greatest common divisor of v and 50?
10
Suppose -4*d = -t - 0*t + 29, 0 = -4*t - 3*d + 78. Suppose 0 = 3*m - t - 114. Calculate the greatest common factor of 9 and m.
9
Let y(q) = q**3 + 4*q**2 - 18*q - 29. Let l be y(-6). Calculate the greatest common factor of 3 and l.
1
Suppose v - 18 = -4*z, 2*v - 4*z = z - 16. What is the highest common divisor of 58 and v?
2
Let z = -54 - -43. Let w(m) = 2*m**2 + 23*m + 14. Let f be w(z). Let v(q) = 6*q + 3. Let p be v(4). What is the highest common factor of f and p?
3
Suppose 2*v - 5 = w, -3*w = -2*v - w + 2. Let z be 3 - 1 - -2 - v. Suppose z = x + 2*x - 273. Calculate the highest common divisor of x and 13.
13
Suppose -202 = -h + 33. Let r be ((-2)/6)/(6 + (-13544)/2256). What is the highest common factor of r and h?
47
Suppose -7*z + 5178 = 4905. Let t be 6/4*4/(-6). Let y be (t + 34/8)*4. What is the highest common factor of y and z?
13
Let q = 38 - 27. Suppose 6*d = -0*d + 24. Let h be 10/d + -3 + (-9)/(-6). What is the greatest common factor of q and h?
1
Suppose 4*p - 592 = -4*m, -5*m - 770 = -5*p - 4*m. What is the greatest common divisor of p and 255?
51
Let t(u) = -129*u - 65. Let o be t(-1). What is the highest common factor of o and 64?
64
Let z(i) = 4*i + 6. Let n be z(6). Suppose 5*t = 100 - n. Suppose -3*h = -21*h + 1764. Calculate the highest common divisor of h and t.
14
Let p = -30 + 32. Suppose l + p*g = 94, l + 2*g - 184 = -l. What is the greatest common divisor of l and 36?
18
Suppose -3*p + 120 = -2*g, -3*g - 80 = -3*p + p. Let d = 30 + -20. What is the highest common divisor of p and d?
10
Suppose -w + 1115 = 4*o - 248, 5*w + 367 = o. Calculate the greatest common factor of 54 and o.
18
Suppose 2*u - 8 = 2. Suppose -10*t + u = -25. What is the greatest common divisor of 9 and t?
3
Suppose -2*o = -9 + 1, -2*c + 412 = 5*o. Calculate the greatest common factor of 56 and c.
28
Suppose -5*y - 5*a + 675 = 0, -2*y + 2*a 